5. Calculate n(-3).
19
Let s(a) = -4*a - 3. Suppose -2*o = -4*y - 0 + 4, -4*y + 3*o = 0. Suppose y = -3*f + 2*u - 2, f + 11 = 3*u. Let t be f/2 + (-10)/4. Give s(t).
5
Let g = 3 - 1. Let v(r) be the first derivative of 2*r - 1/3*r**3 + 2 + g*r**2. What is v(4)?
2
Let h(x) be the third derivative of x**6/720 + x**5/24 - x**4/24 + 3*x**2. Let b(p) be the second derivative of h(p). What is b(0)?
5
Suppose -3*v + 5 = m, -5*m + 9 = -7*v + 6*v. Suppose 0 = 2*r - 6*r + 8. Let y(u) = -15*u**r - 2*u - 1 + 2*u + 2*u + 7*u**2. What is y(v)?
-7
Let a(x) = -x**2 + 7*x - 5. Let i(v) = 3*v**2. Let q be i(2). Suppose -6 = -n + b, q = n + 2*b + 3*b. What is a(n)?
-5
Let t(z) = 17*z - 3. Let k(j) = 9*j - 2. Let u(c) = -7*k(c) + 4*t(c). Let s = 59 + -62. What is u(s)?
-13
Let s(d) be the third derivative of -d**6/60 + d**5/12 + d**4/8 + d**3 + 4*d**2. Let t(j) = 3*j - 1 + 4*j + j**3 - 6*j. Let z(f) = s(f) + 3*t(f). Give z(-4).
-5
Let q be (3 - 5)/(4 + -3). Let g = q + 2. Let b(o) = o - 9. Determine b(g).
-9
Let k(d) = -d**2 - 3*d - 1. Let q = -7 - -5. Give k(q).
1
Let b(k) be the first derivative of -k**4/4 + 3*k**3 + k**2/2 - 6*k + 45. Calculate b(9).
3
Let b(r) = 2*r + 1. Let v = 5 + 1. Let j = 13 - v. Let z(g) = -g**2 + 8*g - 5. Let n be z(j). Calculate b(n).
5
Let o(p) be the third derivative of -p**6/360 - p**5/20 - 7*p**4/24 + p**3/6 + 3*p**2. Let n(j) be the first derivative of o(j). What is n(-6)?
-7
Let b(i) be the first derivative of -i**2 - 5*i - 1. Let r be b(-5). Let q(x) be the second derivative of -x**4/12 + 7*x**3/6 - 7*x**2/2 + x. Determine q(r).
3
Let x(p) = 6*p**2 - 5*p**2 - 5*p**3 + 0*p - 7*p + 1 + 9*p. What is x(-1)?
5
Let p(g) = g**3 + 3*g**2 - 6*g - 6. Let r be p(-4). Let f(y) = -y + y + 2*y**r + y**3 + 4. What is f(-3)?
-5
Let c(q) = -q**3 + 3*q**2 - 2*q - 2. Let p = -4 - -4. Suppose p*n = -3*n + 6. What is c(n)?
-2
Suppose 0 = y - 2. Suppose p - 3 = -r - 2*p, y*p + 5 = -3*r. Let f(l) = -3*l**2 - 4*l - 3. Give f(r).
-18
Let f(t) = t. Let m be f(3). Let i(x) be the second derivative of -x + 0 - 1/6*x**m + 1/2*x**2. Determine i(-1).
2
Let f(x) = 2 - 2*x**2 - 3 + 0 + x**3. Let a(u) = u**3 + 6*u**2 + 2. Let g be a(-6). Determine f(g).
-1
Suppose 3*d = 5*d. Let q(w) = d + 3 - 1 + 2*w**2 - 6 + 2*w. What is q(-3)?
8
Let u(a) = 4*a**2 + 4*a. Let j(l) = -21*l**2 - 20*l + 1. Let p(y) = 2*j(y) + 11*u(y). Determine p(-2).
2
Let q(a) = a**2 - 17*a + 66. Let o be q(7). Let t(n) = -2*n**3 + n**3 + 2*n + 4*n - 3*n**2 + 3. What is t(o)?
-5
Let b(d) = 4*d**2 + d + 6. Let n(x) = x**2 + 1. Let r(f) = -b(f) + 5*n(f). What is r(-2)?
5
Let u(f) = -f**2 - 2*f + f - 1 + 6*f**2. Let z be u(-1). Let t(r) = z*r**2 + 0*r - r**3 - r - 4*r**2. Give t(1).
-1
Let n(d) = -7*d - 6. Let z(x) = 19*x + 11. Let k(i) = -20*i - 11. Let m(g) = 4*k(g) + 5*z(g). Let u(p) = 6*m(p) + 13*n(p). Give u(0).
-12
Let d(t) be the third derivative of -t**8/20160 - t**7/840 - t**6/120 - t**5/20 - 4*t**2. Let a(c) be the third derivative of d(c). What is a(-6)?
-6
Suppose 2*y - 1 = 1. Suppose -2*b = y + 7. Let p(j) = 3*j**2 - 2*j**2 + 2 + 3*j - 3. Calculate p(b).
3
Let m(i) be the first derivative of -i**4/4 + i**3 - i**2/2 - 4*i + 21. Determine m(3).
-7
Let r = -10 + 16. Let d be 20/r*12/10. Let m(k) = -5*k + d*k + 3*k + 2 - k. Determine m(4).
6
Let k(z) = z**2. Let r(b) be the second derivative of -b**4/6 - 2*b**3/3 - b**2/2 - 3*b. Let m(q) = -3*k(q) - r(q). Suppose 5*n = -5 + 20. Determine m(n).
4
Let y(x) = 3*x + 12 + 2*x**2 - x**3 - 6 + 0*x**3 - 4. Let r(w) = -2*w - 1. Let o be (0 - -1)*(1 - 3). Let q be r(o). Calculate y(q).
2
Let k(d) be the third derivative of 0*d**3 + 0 - 1/12*d**4 + 0*d - 3*d**2. Calculate k(4).
-8
Suppose 2*q - 10 = -3*q. Let n(k) = 3 + k**2 + 2*k**2 + 4*k - q*k + 2*k**3. Suppose -6*v - 10 = -v. What is n(v)?
-5
Let r(l) be the second derivative of -l**3/6 + 10*l. What is r(7)?
-7
Let h(m) = m**3 + 7*m**2 + 5*m - 6. Let b = -8 - -11. Suppose l - b*p + 4*p + 1 = 0, -3*l - 13 = p. Give h(l).
0
Let d(b) = b**3 + 7*b**2 + 5*b - 3. Let u(o) = -5*o**2 + o. Let c(y) = -14*y**2 + 4*y + 1. Let q(m) = 6*c(m) - 17*u(m). Let i be q(-4). Calculate d(i).
3
Let k(v) = -v**2 - 6*v - 5. Suppose c = -2*y + 6, 3 = 4*y + c - 7. Let r be 2*(-1)/(-2)*4. Suppose r*l = y*l - 10. Determine k(l).
0
Let b = 36 - 35. Let r(n) = -2*n**3 - n**2. What is r(b)?
-3
Let r(l) = l - 5. Suppose -6*s - 30 = -s. Calculate r(s).
-11
Let l = -84 + 87. Let w(o) = -o**3 + 3*o**2 + o - 4. Calculate w(l).
-1
Let k(z) be the first derivative of 0*z + 0*z**4 + 0*z**5 + 1/105*z**7 + 2 + 0*z**2 - 1/3*z**3 + 0*z**6. Let m(y) be the third derivative of k(y). Give m(-1).
-8
Let a(l) = -4 + 7 + l + 10 - 2. Let r = -1 - -1. Give a(r).
11
Let j(w) be the second derivative of w**4/12 + w**3 - 5*w**2/2 + w. Let t be j(-7). Let s(v) = -4*v - 3*v**t + v + 1 + 2*v. Determine s(1).
-3
Let n(h) be the first derivative of 1/2*h**2 + 3 - 5*h - 1/3*h**3. What is n(0)?
-5
Suppose 0 = -4*g - 11 - 9. Let p(z) = -10 - 2 + 8 - 4*z + z**3 + 4*z**2. Calculate p(g).
-9
Let q(p) be the third derivative of -p**6/120 - p**5/30 + 5*p**4/24 - p**3/3 + 5*p**2. Suppose 0 = 2*h - 3*h - 4. Calculate q(h).
10
Let n(l) = -l**3 - 6*l**2 - 2*l - 1. Let m be n(-6). Let q(s) = m*s**2 + 3*s + 3 - 7*s**2 + s. Give q(-2).
11
Let u be (3/(-2))/((-18)/(-24)). Let w(y) = 3*y**2 - 4*y - 3. Determine w(u).
17
Let o(y) = y**3 + 10*y**2 + 10*y + 13. Let m be o(-9). Let d(t) be the second derivative of 0 - 1/3*t**3 - 4*t + 2*t**2. Give d(m).
-4
Let u be 1/1*1*-6. Let v(d) = d**2 + 5*d - 6. Calculate v(u).
0
Suppose -b = -4*t, 2*b = -4*t + 5*b. Let p(l) = l**2 + l - 3. Determine p(t).
-3
Let r = -3 + 6. Let d(l) = 2*l**2 + 3*l**2 - r + 4 - 4*l**2 - 5*l. Determine d(4).
-3
Let z = 10 - 8. Let p(m) = 5*m + m**2 + 4 + m**3 + 3*m**2 + 0*m**2 + 0*m**z. What is p(-3)?
-2
Let i(c) = 2*c**3 + 3*c**2 + 3*c + 3. Let z(m) = m**2 + m + 1. Let b(f) = i(f) - 4*z(f). What is b(-1)?
-3
Let s = -3 + 4. Let w(l) be the first derivative of l**3 + s + 2*l + 1/4*l**4 - 1/2*l**2. Determine w(-3).
5
Let m(z) = -2*z - 6 - 2 + 0. Let c be m(-8). Let d(k) = -5 + 4 + k + c. What is d(-5)?
2
Let x(v) = -v**2 + 11*v + 4. Let q be x(11). Suppose -q*w + w = -45. Suppose 0 = t - 4*t + w. Let i(c) = c**3 - 5*c**2 + c + 1. Calculate i(t).
6
Let v(m) = 2 + m**2 - 4*m**2 - 4 + 4*m**2. Suppose 3*d - z = -0 + 3, -3*z - 9 = 3*d. What is v(d)?
-2
Let i(v) = -2*v + 5. Let z(f) = -1. Let j(r) = -2. Let k(t) = 6*j(t) - 11*z(t). Let b(p) = -i(p) - 6*k(p). Let o be (-22)/(-18) - 2/9. Determine b(o).
3
Let d(o) = o - 1. Let h be (-86)/4*(-2 + 6). Let q be (-6)/(-27) + h/(-18). Suppose 15 = 5*x + q. Calculate d(x).
1
Let t(i) = i**3 + 5*i**2 - 6*i + 5. Suppose 0 = -3*f, u + 3*f = -0*u + 8. Suppose 0 = u*r - 4*r + 24. Give t(r).
5
Let h(f) be the first derivative of 3*f**2/2 + 4*f - 34. Determine h(-5).
-11
Let h be 5/35 - (-1)/(-7). Let m(r) = -r**2 + r + 2. Give m(h).
2
Let q(h) be the first derivative of -h**4/4 + h**3/3 - 3*h**2/2 + 2*h + 1. Give q(2).
-8
Let c be (2/(-6))/((-5)/90). Let p(d) = d**3 - 5*d**2 - 7*d - 1. What is p(c)?
-7
Let x(m) be the third derivative of m**5/60 + m**4/4 - 6*m**2. Give x(-6).
0
Let t(s) be the second derivative of -7*s**3/6 - 3*s**2/2 + 16*s. Determine t(-2).
11
Let c(j) = j**3 - 12 + 5 + 6 - 2*j + 2*j**2. Let s be c(-3). Let k(n) = -n**3 - 5*n**2 - 4*n + 3. What is k(s)?
3
Let l(o) = -o**3 - o**2 - o - 1. Let h(k) = 5*k**3 - 2*k**2 + 11*k - 2. Let c(z) = -h(z) - 4*l(z). Give c(4).
10
Let s(k) = -k**2 + 1. Let u(t) = -4*t**2 - 7*t + 8. Let r(h) = 5*h**2 + 7*h - 8. Let g(i) = 5*r(i) + 6*u(i). Let l be g(6). Let o be (3/9*0)/l. Calculate s(o).
1
Let m = 37 - 41. Let q(j) = j**2 + 3*j - 2. Determine q(m).
2
Suppose 4*t = -4 + 32. Suppose -t*v + 2*v = 20. Let o(k) = k + 8. Give o(v).
4
Let t = -10 + 0. Let n = t + 7. Let m = n - -5. Let s(u) = 2*u - 2. Determine s(m).
2
Let c(z) = z + 6. Let r(q) = -q**2 + 13*q + 42. Let k be r(16). What is c(k)?
0
Let p(a) = -a**2 + 8*a - 4. Suppose 0 = -n + 5*n + 2*g - 30, 4*g - 42 = -5*n. Calculate p(n).
8
Let u(h) = h**3 - 4*h**2 + 2*h + 3. Suppose 2*n = -0*n. Suppose n = -4*f + f - 60. Let j be ((-24)/f)/(4/10). Determine u(j).
0
Let t(s) = 6 - 5 - s**2 - 3*s**2 - 3*s**2. Determine t(1).
-6
Let v(l) = -3*l**2 + 2*l - 4. Suppose s = -s